- 10/(-65). Calculate h(z).
9
Let u = 0 - -4. Let p(c) = -c**2 + 4*c + 4. Calculate p(u).
4
Let h(s) = s**3 + 3*s**2 + 2*s + 2. Suppose 0 = -7*b + 10*b + 6. Calculate h(b).
2
Let a be (-38)/(-10) - 4/5. Let r(q) = -5 - 1 + a*q**2 - q**3 + 4. Let y = 3 - 0. Give r(y).
-2
Let a(w) be the third derivative of w**6/120 - 7*w**5/60 - w**4/12 + 4*w**3/3 - 7*w**2. What is a(7)?
-6
Let s(i) = i**2 - i + 1. Let x(z) = z**3 + 10*z**2 + z + 10. Let l(j) = -5*s(j) + x(j). Give l(-4).
-3
Let p(u) = -3*u**2 + 6 + 0*u**2 + u + 4*u**2. Let f be 2/(-4) - 1/(-2). Let v be (0 + 0 - f)/1. What is p(v)?
6
Let o be 12/(-9)*(-9)/6 + -4. Let b(f) = f**3 + 2*f**2 + 2*f + 1. Calculate b(o).
-3
Let m(a) = -a**2 + a - 2. Let s = 126 + -124. Calculate m(s).
-4
Let t(k) = -k**3 + 4*k**2 + 3*k + 1. Let g(o) = -3*o**3 + 7*o**2 + 5*o + 3. Let h(c) = -2*g(c) + 5*t(c). What is h(-5)?
-1
Let k(x) = -x - 7. Suppose 2*a - 10 = 0, -5*v - 4*a + 0 = -45. Suppose -v*q + 0*q = -5. Let h = 1 - q. Calculate k(h).
-7
Let g(w) = -2*w - 1. Let x(b) = -4*b**2 + 1. Let k be x(1). What is g(k)?
5
Let c(h) be the first derivative of -h**3/3 - h - 5. Let y(w) = -5*w + 2. Let d(b) = -2*c(b) + y(b). Give d(3).
7
Let f be (5/3)/((-1)/27). Let n be 2/6 - f/27. Let j(v) = v**3 + 2*v**2 - 2*v - 2. Give j(n).
10
Let l(w) = 3*w + 8. Let u(v) = v + 1. Let a(s) = l(s) - 2*u(s). Let x be a(-7). Let k(p) = 2*p**2 - 2*p**2 - p - p**2 + 1. Calculate k(x).
1
Let x(t) = 3*t + 4*t**2 + 5 + t**3 - 4*t - 4*t. Let g be 10*(28/(-8) + 3). Give x(g).
5
Let d(y) = -11*y - 1. Let c(h) = -h**2 + 14*h - 13. Let i be c(12). Let m(u) = 32*u + 3. Let a(l) = i*d(l) + 4*m(l). What is a(1)?
8
Let g = 8 - 5. Let a(p) = -p**2 + 2*p + 1. Let j be a(g). Let i be 1 + -2 + 1 + j. Let n(q) = -q**3 - 4*q**2 - 2*q. Determine n(i).
-4
Let a(i) = 9*i**3 + 19*i**2 - 5*i + 21. Let u = -3 + -8. Let n(g) = 5*g**3 + 10*g**2 - 3*g + 11. Let s(o) = u*n(o) + 6*a(o). Give s(5).
-5
Let n(r) be the first derivative of -r**4/24 + r**3/2 - 3*r**2/2 + 2. Let h(u) be the second derivative of n(u). Give h(0).
3
Let z be 3/((-9)/(-12)) + -1. Let n(j) = -j + 0 + 4 - z. Calculate n(-5).
6
Let a be -1 - -2*1 - -1. Let r(t) = -3*t + 2 - 1 - 3*t + 7*t + t**a. Calculate r(-2).
3
Let c = -12 + 16. Let f(i) = i**2 - 2*i - 4. Determine f(c).
4
Suppose -s + 10 = 4*s. Let i(z) = 0*z**3 + 4*z**2 - z**3 - z**2 + z - s. Let t(r) = r + 3. Let q be t(0). Give i(q).
1
Let d(k) be the first derivative of -3*k**2/2 - 8*k + 3. Let f = -7 - -4. Let g(q) = 2*q + 7. Let z(l) = f*d(l) - 4*g(l). What is z(5)?
1
Let y = -10 + 5. Let q(i) = 7*i - 5. Let n(g) = 8*g - 5. Let w(b) = y*n(b) + 6*q(b). Let z be 5 + 1/1*-1. Give w(z).
3
Let h(z) = -z - 8. Let t(x) = -x**2 + 11*x + 14. Let l be t(12). Suppose l*y = 2*b - y + 8, 37 = -5*b - y. Let m = -7 - b. What is h(m)?
-8
Let f(u) = u**2 + u + 1. Let j = 46 + -48. Determine f(j).
3
Let p(w) = 7*w + 1. Let m(k) = -k. Let a(z) = -5*m(z) - p(z). Let r(d) = -2*d + 3. Let q be 35/11 - 10/55. Let x be r(q). Give a(x).
5
Let w(y) = -y**3 - 2*y**2 - 4*y - 3. Let a be w(-2). Let q be 1 - (-2 - -1*a). Let b(k) = -2 - 1 - 2*k - 2 + 2. What is b(q)?
1
Let z(y) = -y**2 - 8*y + 4. Suppose 6*g + 46 = 4. What is z(g)?
11
Suppose -4*h - 7 = 5*t - 0*t, 0 = 2*t - 4*h - 14. Let l(y) = 0 - 3*y - 7*y - t + 11*y. Give l(-1).
-2
Suppose -n + 3*x + 19 = 0, -5*x - 28 + 3 = -n. Let q be (-17)/(-5) + (-4)/n. Let m(f) = -f - 1. Let g(w) = 1. Let p(t) = -2*g(t) + m(t). Calculate p(q).
-6
Let p(n) = 0*n**3 + 4*n - n**3 - 5*n + 6*n**2. What is p(6)?
-6
Let n(u) = 28*u**3 + u**2 - 2*u + 1. Let y = -44 - -45. Give n(y).
28
Suppose 2*h + 102 = j + 4*j, -h = -2*j + 41. Let w be 10/4*j/25. Let a(f) = 5*f - 3. Determine a(w).
7
Let p(g) be the second derivative of 0 + 1/6*g**4 + 5*g + g**2 + 1/2*g**3. Suppose -3*q - l = 2, -q + 3*l = l + 10. Determine p(q).
4
Let r(n) = n**3 + 3*n**2 + 3*n + 2. Let d be (6/(-9))/((-4)/12). Suppose d*x + 0*x = -6. Calculate r(x).
-7
Let w = -3 - -4. Let m(r) = r**2 + r. Let g(j) = -7*j**2 + 1. Let f(a) = g(a) - m(a). Determine f(w).
-8
Let r(q) be the first derivative of -q + 0*q**3 - 2 + 1/2*q**2 - 1/4*q**4. Let a(x) = -7*x**3 + 3*x**2 + 10*x - 12. Let b(k) = a(k) - 6*r(k). Give b(4).
-6
Let f(n) be the second derivative of n**8/1344 - n**7/1260 + n**5/120 + n**4/6 - 3*n. Let g(y) be the third derivative of f(y). What is g(1)?
4
Let r = 7 - 4. Let o(f) = -f**2 + 9*f - 14. Let l be o(7). Let c(y) = -5*y + l*y + y + 3 + y + y**2. What is c(r)?
3
Let c(p) = p**2 - 10. Let r = 19 - 14. Suppose -6*t + t + r = -5*v, 0 = -t + 5*v + 5. What is c(t)?
-10
Let p(c) = -2*c**2 + 6*c + 8. Suppose 4*z + 14 = 3*g - 0, -z - 29 = -5*g. Calculate p(g).
-28
Let n(s) = -5*s - s**2 - s - 2 + 0*s + s. Let x = 0 - -2. Suppose x + 10 = -4*y. Give n(y).
4
Let t = 10 - 7. Let p(i) = -2*i**2 - i**t + 1 + 1 + 2 + i + 3*i**2. Calculate p(0).
4
Let j(h) = 6*h**2 - h**3 + 8 + 0*h**3 + 2*h**2 + 8*h + 2*h**3. Let o be j(-7). Let k(t) = -2*t**2 + 1. Calculate k(o).
-1
Let h(l) be the first derivative of -l**3/3 - 3*l**2 - 6*l - 7. What is h(-4)?
2
Let n(a) = -a - 2*a**2 + a**2 + 2*a**2. Let r(s) = -13*s**2 + 5*s. Let i(z) = 6*n(z) + r(z). Calculate i(1).
-8
Suppose -2*p = 2*h - 0*p - 22, 0 = 5*h - 4*p - 10. Let m(q) be the third derivative of -q**6/120 + 7*q**5/60 - q**4/3 - 5*q**3/6 - q**2. Determine m(h).
-17
Let q(l) = -2*l - 2. Let y(k) = -k**2 + 4*k + 1. Let j be y(4). Let p(o) = o + 3. Let s be p(-3). Let i be (j - s)/((-3)/6). What is q(i)?
2
Let p be 1 - 7/((-21)/18). Let m(b) = b - 2. Let c be m(p). Suppose -4*j = -3*x + c - 27, -5*x = -3*j + 22. Let h(w) = -5*w - 3. What is h(x)?
7
Let q(z) be the second derivative of -z**3/6 - 4*z**2 - z. Calculate q(-7).
-1
Let k = -1 - 4. Let z be 0/(-1 + -1 + 1). Let q(u) = -u**3 + z*u**2 - 2*u**2 + 7*u**2 + 2*u**3. Determine q(k).
0
Let r(u) be the first derivative of u**2/2 - 7*u - 68. Let k = 7 + -4. Suppose 14 = k*z + 5. Determine r(z).
-4
Suppose -27 = -10*c + 3. Let p(j) = j**2 - 3*j + 2. What is p(c)?
2
Let n(s) = -s**3 + 3*s + 2. Let h(k) = -k**2 - 2*k + 1. Let c = -1 - -2. Let t be c + -4 + 4 + 0. Let a be h(t). Determine n(a).
4
Let m(b) = b**3 - 6*b**2 + 6*b - 5. Let u(z) = -7*z - 1. Let x be u(-3). Suppose -6*j = -2*j - x. Give m(j).
0
Let t(r) = -3*r**2 + 2*r**2 - 3*r - 24 + 21 + 3*r**2. Suppose 24 = 5*g + 4. Suppose 10 = g*p - 2. Determine t(p).
6
Suppose 6 = a + 2. Suppose -3*s - 3 = -3*z, 5*s - 9 = 3*z - 5*z. Let x(y) = 2 + a - s + 0 + y. Give x(-3).
2
Suppose -w = 2*v - 3*w - 8, 0 = v + 4*w + 16. Let p(m) = m**2 - m - 8. Calculate p(v).
-8
Let p be (-4 - -1)/(2/(-4)). Let m(g) = -g**3 + 6*g**2 + g - 7. What is m(p)?
-1
Let v(d) = d. Let q be v(2). Let b(p) be the second derivative of -5*p**3/6 - p**2/2 + 2*p. Determine b(q).
-11
Let g(z) = z**2 - 2 + 0 + 9 + 7*z. Determine g(-6).
1
Let u(g) = 4*g**3 - 44*g + 40*g - 5*g**3 + 7*g**2 + 8. Determine u(6).
20
Let j(i) = -7*i**3 - i**2 - 11*i + 7. Let k(n) = -13*n**3 - 3*n**2 - 21*n + 14. Let q(l) = -11*j(l) + 6*k(l). Suppose -12*h = -36 + 108. What is q(h)?
1
Let w(i) be the third derivative of i**6/120 - i**5/20 - i**4/4 + i**3/3 + 2*i**2. Let b = -2 - -11. Suppose -b - 11 = -5*t. Calculate w(t).
-6
Suppose -n = n - 14. Let c(g) = -10 + 16*g - g**2 + 8*g - 15*g. Give c(n).
4
Let z(x) = 2 - 6*x**2 - 3*x - 3*x - 4 - x**3. Calculate z(-5).
3
Let x(t) = -t**3 - 10*t**2 - 9*t - 4. Let w be (-4 - 2) + -3*1. Let r be x(w). Let z(f) = f**2 - 3*f**2 - f**2 + 5*f - f**3 + 4. What is z(r)?
0
Let u(d) be the third derivative of d**6/120 - d**5/20 - 5*d**4/24 + 5*d**3/6 - 2*d**2. Let n = -84 - -88. What is u(n)?
1
Let h(d) = -d**2 - d - 3. Suppose -3*u = -9, -2*k + 4*u - 12 = k. What is h(k)?
-3
Suppose 0 = 3*x - 8 - 1. Let f(s) = -3*s - 10. Let v(y) = 2*y + 9. Let i(c) = x*f(c) + 4*v(c). Let r be i(6). Let m(u) = u**3 - u**2 + 5. Give m(r).
5
Let y(i) = i**3 - 6*i**2 - 2*i + 8. Let p = 9 + -9. Let d = p + 6. Give y(d).
-4
Let x(o) = -9*o**2 - o - 8. Let m(l) = 8*l**2 + 7. Let y(b) = 7*m(b) + 6*x(b). Let u be (2 - 2) + (3 - 1). Let k be u/(-4) + 18/4. What is y(k)?
9
Let z(p) be the first derivative of p**2/2 - p - 1. Suppose 194 = 5*o - x, 3*o = -5*x + 52 + 70. Let j = o + -42. Calculate z(j).
-4
Let d = -21 - -13. Let m be (6/d)/((-2)/8). Let k(a) = a**2 - 4 + 3*a - 3*a -